{"id":964,"date":"2020-12-28T20:06:31","date_gmt":"2020-12-28T19:06:31","guid":{"rendered":"https:\/\/pfarrnetzwerkasyl.at\/wp\/?page_id=964"},"modified":"2020-12-28T20:16:13","modified_gmt":"2020-12-28T19:16:13","slug":"datenschutzerklaerung","status":"publish","type":"page","link":"https:\/\/pfarrnetzwerkasyl.at\/wp\/datenschutzerklaerung\/","title":{"rendered":"Datenschutzerkl\u00e4rung"},"content":{"rendered":"\r\n<h2 class=\"wp-block-heading\">Wer wir sind<\/h2>\r\n\r\n\r\n\r\n<p>Die Adresse unserer Website ist: https:\/\/pfarrnetzwerkasyl.at\/wp.<\/p>\r\n\r\n\r\n\r\n<h2 class=\"wp-block-heading\">Welche personenbezogenen Daten wir sammeln und warum wir sie sammeln<\/h2>\r\n\r\n\r\n\r\n<h3 class=\"wp-block-heading\">Analysedienste<\/h3>\r\n<p><code><p id=\"matomo_opted_out_intro\" style=\"display:none;\">Opt-out abgeschlossen; Ihre Besuche auf dieser Webseite werden nicht vom Webanalysetool erfasst. Bitte beachten Sie, dass auch der Matomo-Deaktivierungs-Cookie dieser Webseite gel\u00f6scht wird, wenn Sie die in Ihrem Browser abgelegten Cookies entfernen. Au\u00dferdem m\u00fcssen Sie, wenn Sie einen anderen Computer oder einen anderen Webbrowser verwenden, die Deaktivierungsprozedur nochmals absolvieren.<\/p><p id=\"matomo_opted_in_intro\" >Sie haben die M\u00f6glichkeit zu verhindern, dass von Ihnen hier get\u00e4tigte Aktionen analysiert und verkn\u00fcpft werden. Dies wird Ihre Privatsph\u00e4re sch\u00fctzen, aber wird auch den Besitzer daran hindern, aus Ihren Aktionen zu lernen und die Bedienbarkeit f\u00fcr Sie und andere Benutzer zu verbessern.<\/p><form>\n        <input type=\"checkbox\" id=\"matomo_optout_checkbox\" checked=\"checked\"\/>\n        <label for=\"matomo_optout_checkbox\"><strong>\n        <span id=\"matomo_opted_in_label\" >Ihr Besuch dieser Webseite wird aktuell von der Matomo Webanalyse erfasst. Diese Checkbox abw\u00e4hlen f\u00fcr Opt-Out.<\/span>\n\t\t<span id=\"matomo_opted_out_label\" style=\"display:none;\">Ihr Besuch dieser Webseite wird aktuell von der Matomo Webanalyse nicht erfasst. Diese Checkbox aktivieren f\u00fcr Opt-In.<\/span>\n        <\/strong><\/label><\/form><noscript><p><strong style=\"color: #ff0000;\">This opt out feature requires JavaScript.<\/strong><\/p><\/noscript><p id=\"matomo_outout_err_cookies\" style=\"display: none;\"><strong>Die Tracking opt-out Funktion ben\u00f6tigt aktivierte Cookies.<\/strong><\/p><\/code><\/p>\r\n\r\n\r\n\r\n<h3 class=\"wp-block-heading\">Eingebettete Inhalte von anderen Websites<\/h3>\r\n\r\n\r\n\r\n<p>Beitr\u00e4ge auf dieser Website k\u00f6nnen eingebettete Inhalte beinhalten (z.\u00a0B. Videos, Bilder, Beitr\u00e4ge etc.). Eingebettete Inhalte von anderen Websites verhalten sich exakt so, als ob der Besucher die andere Website besucht h\u00e4tte.<\/p>\r\n\r\n\r\n\r\n<p>Diese Websites k\u00f6nnen Daten \u00fcber dich sammeln, Cookies benutzen, zus\u00e4tzliche Tracking-Dienste von Dritten einbetten und deine Interaktion mit diesem eingebetteten Inhalt aufzeichnen, inklusive deiner Interaktion mit dem eingebetteten Inhalt, falls du ein Konto hast und auf dieser Website angemeldet bist.<\/p>\r\n\r\n\r\n\r\n\r\n\r\n<h2 class=\"wp-block-heading\">Mit wem wir deine Daten teilen<\/h2>\r\n\r\n\r\n\r\n<p>Keine Weitergabe von Daten an Dritte.<\/p>\r\n\r\n\r\n\r\n\r\n","protected":false},"excerpt":{"rendered":"<p>Wer wir sind Die Adresse unserer Website ist: https:\/\/pfarrnetzwerkasyl.at\/wp. Welche personenbezogenen Daten wir sammeln und warum wir sie sammeln Analysedienste Eingebettete Inhalte von anderen Websites Beitr\u00e4ge auf dieser Website k\u00f6nnen eingebettete Inhalte beinhalten (z.\u00a0B. Videos, Bilder, Beitr\u00e4ge etc.). Eingebettete Inhalte von anderen Websites verhalten sich exakt so, als ob der Besucher die andere Website besucht &hellip; <a href=\"https:\/\/pfarrnetzwerkasyl.at\/wp\/datenschutzerklaerung\/\" class=\"more-link\"><span class=\"screen-reader-text\">Datenschutzerkl\u00e4rung<\/span> weiterlesen<\/a><\/p>\n","protected":false},"author":1,"featured_media":0,"parent":0,"menu_order":0,"comment_status":"closed","ping_status":"closed","template":"","meta":{"footnotes":""},"_links":{"self":[{"href":"https:\/\/pfarrnetzwerkasyl.at\/wp\/wp-json\/wp\/v2\/pages\/964"}],"collection":[{"href":"https:\/\/pfarrnetzwerkasyl.at\/wp\/wp-json\/wp\/v2\/pages"}],"about":[{"href":"https:\/\/pfarrnetzwerkasyl.at\/wp\/wp-json\/wp\/v2\/types\/page"}],"author":[{"embeddable":true,"href":"https:\/\/pfarrnetzwerkasyl.at\/wp\/wp-json\/wp\/v2\/users\/1"}],"replies":[{"embeddable":true,"href":"https:\/\/pfarrnetzwerkasyl.at\/wp\/wp-json\/wp\/v2\/comments?post=964"}],"version-history":[{"count":4,"href":"https:\/\/pfarrnetzwerkasyl.at\/wp\/wp-json\/wp\/v2\/pages\/964\/revisions"}],"predecessor-version":[{"id":970,"href":"https:\/\/pfarrnetzwerkasyl.at\/wp\/wp-json\/wp\/v2\/pages\/964\/revisions\/970"}],"wp:attachment":[{"href":"https:\/\/pfarrnetzwerkasyl.at\/wp\/wp-json\/wp\/v2\/media?parent=964"}],"curies":[{"name":"wp","href":"https:\/\/api.w.org\/{rel}","templated":true}]}}

Datenschutzerklärung

<h2 class="wp-block-heading">Wer wir sind</h2>



<p>Die Adresse unserer Website ist: https://pfarrnetzwerkasyl.at/wp.</p>



<h2 class="wp-block-heading">Welche personenbezogenen Daten wir sammeln und warum wir sie sammeln</h2>



<h3 class="wp-block-heading">Analysedienste</h3>
<p><code><p id="matomo_opted_out_intro" style="display:none;">Opt-out abgeschlossen; Ihre Besuche auf dieser Webseite werden nicht vom Webanalysetool erfasst. Bitte beachten Sie, dass auch der Matomo-Deaktivierungs-Cookie dieser Webseite gelöscht wird, wenn Sie die in Ihrem Browser abgelegten Cookies entfernen. Außerdem müssen Sie, wenn Sie einen anderen Computer oder einen anderen Webbrowser verwenden, die Deaktivierungsprozedur nochmals absolvieren.</p><p id="matomo_opted_in_intro" >Sie haben die Möglichkeit zu verhindern, dass von Ihnen hier getätigte Aktionen analysiert und verknüpft werden. Dies wird Ihre Privatsphäre schützen, aber wird auch den Besitzer daran hindern, aus Ihren Aktionen zu lernen und die Bedienbarkeit für Sie und andere Benutzer zu verbessern.</p><form>
        <input type="checkbox" id="matomo_optout_checkbox" checked="checked"/>
        <label for="matomo_optout_checkbox"><strong>
        <span id="matomo_opted_in_label" >Ihr Besuch dieser Webseite wird aktuell von der Matomo Webanalyse erfasst. Diese Checkbox abwählen für Opt-Out.</span>
		<span id="matomo_opted_out_label" style="display:none;">Ihr Besuch dieser Webseite wird aktuell von der Matomo Webanalyse nicht erfasst. Diese Checkbox aktivieren für Opt-In.</span>
        </strong></label></form><noscript><p><strong style="color: #ff0000;">This opt out feature requires JavaScript.</strong></p></noscript><p id="matomo_outout_err_cookies" style="display: none;"><strong>Die Tracking opt-out Funktion benötigt aktivierte Cookies.</strong></p></code></p>



<h3 class="wp-block-heading">Eingebettete Inhalte von anderen Websites</h3>



<p>Beiträge auf dieser Website können eingebettete Inhalte beinhalten (z. B. Videos, Bilder, Beiträge etc.). Eingebettete Inhalte von anderen Websites verhalten sich exakt so, als ob der Besucher die andere Website besucht hätte.</p>



<p>Diese Websites können Daten über dich sammeln, Cookies benutzen, zusätzliche Tracking-Dienste von Dritten einbetten und deine Interaktion mit diesem eingebetteten Inhalt aufzeichnen, inklusive deiner Interaktion mit dem eingebetteten Inhalt, falls du ein Konto hast und auf dieser Website angemeldet bist.</p>





<h2 class="wp-block-heading">Mit wem wir deine Daten teilen</h2>



<p>Keine Weitergabe von Daten an Dritte.</p>

<p>Wer wir sind Die Adresse unserer Website ist: https://pfarrnetzwerkasyl.at/wp. Welche personenbezogenen Daten wir sammeln und warum wir sie sammeln Analysedienste Eingebettete Inhalte von anderen Websites Beiträge auf dieser Website können eingebettete Inhalte beinhalten (z. B. Videos, Bilder, Beiträge etc.). Eingebettete Inhalte von anderen Websites verhalten sich exakt so, als ob der Besucher die andere Website besucht &hellip; <a href="https://pfarrnetzwerkasyl.at/wp/datenschutzerklaerung/" class="more-link"><span class="screen-reader-text">Datenschutzerklärung</span> weiterlesen</a></p>
